site?
False
Is 2045137 composite?
True
Is 4951203 a composite number?
True
Is 356781 a prime number?
False
Is 922553 a prime number?
False
Is 59154531 a prime number?
False
Is 5673883 composite?
False
Is 7326589 a prime number?
False
Is 70206037 prime?
False
Is 93372787 prime?
False
Is 3298499 composite?
True
Is 3985393 prime?
True
Is 2051340559 a composite number?
False
Is 50259479 a composite number?
False
Is 2045773 prime?
True
Is 227663 a composite number?
False
Is 130378783 composite?
True
Is 16375873 prime?
True
Is 13184477 prime?
True
Is 5638037 composite?
False
Is 3790145 composite?
True
Is 1718923 a composite number?
False
Is 1383054047 a prime number?
True
Is 103144777 prime?
True
Is 69630971 composite?
False
Is 95863861 prime?
True
Is 204374957 a composite number?
True
Is 940543 composite?
False
Is 66946127 prime?
True
Is 231313 composite?
True
Is 1461073 a composite number?
False
Is 306227 prime?
False
Is 1196059 a prime number?
True
Is 787243 composite?
False
Is 3338323 composite?
True
Is 10692151 a composite number?
False
Is 8450857 a prime number?
True
Is 197079335 prime?
False
Is 100542511 composite?
False
Is 874183 composite?
True
Is 1275173 composite?
False
Is 3412373 a prime number?
True
Is 998962 a composite number?
True
Is 22767803 a prime number?
False
Is 129182077 a prime number?
True
Is 3317441 a prime number?
True
Is 209706229 composite?
False
Is 130800055 prime?
False
Is 15542297 a prime number?
False
Is 63389653 composite?
True
Is 70861651 prime?
False
Is 325224581 a prime number?
False
Is 18914239 a composite number?
False
Is 6288441 a prime number?
False
Is 523927 prime?
True
Is 22085869 a prime number?
False
Is 6946211 prime?
True
Is 6999299 composite?
False
Is 1303667 a prime number?
True
Is 85173303 prime?
False
Is 9965533 a prime number?
True
Is 48973823 prime?
False
Is 5740511 prime?
False
Is 25107059 a composite number?
True
Is 504103 a prime number?
True
Is 8462851 a composite number?
True
Is 53557247 composite?
False
Is 6603283 a composite number?
False
Is 7494073 a prime number?
True
Is 891763 composite?
False
Is 350252033 a composite number?
False
Is 41746847 a composite number?
True
Is 110501059 composite?
True
Is 270221179 composite?
False
Is 41256317 a prime number?
False
Is 3462709 a composite number?
True
Is 970847 prime?
True
Is 97374001 composite?
True
Is 17962441 a prime number?
False
Is 27179 composite?
False
Is 286621273 prime?
False
Is 7995887 prime?
False
Is 8025013 composite?
False
Is 8467 prime?
True
Is 945871111 prime?
True
Is 1930889 composite?
True
Is 308576251 composite?
False
Is 305657141 composite?
False
Is 57039269 a prime number?
False
Is 19834498 a prime number?
False
Is 18790483 prime?
True
Is 203815373 a prime number?
False
Is 47497265 a prime number?
False
Is 112901 a prime number?
True
Is 1832791 prime?
True
Is 636079 prime?
False
Is 5985251 composite?
False
Is 43355003 prime?
True
Is 403363 a composite number?
False
Is 12122807 a prime number?
True
Is 1184905 a prime number?
False
Is 13612063 a prime number?
True
Is 131223431 composite?
True
Is 8136521 a composite number?
False
Is 192988777 composite?
True
Is 9334889 a composite number?
False
Is 24884773 a prime number?
True
Is 136455083 a prime number?
True
Is 862594 prime?
False
Is 133272577 a composite number?
False
Is 39120229 composite?
True
Is 5724503 a composite number?
False
Is 1247678 composite?
True
Is 688799 prime?
True
Is 351493 prime?
False
Is 2938451 a prime number?
True
Is 5361029 a composite number?
False
Is 19340705 a prime number?
False
Is 35304617 composite?
False
Is 18083213 a composite number?
True
Is 3148837 composite?
True
Is 26355029 a composite number?
True
Is 211181093 a composite number?
False
Is 10945871 a composite number?
False
Is 4494694 composite?
True
Is 8401901 prime?
True
Is 13828817 composite?
False
Is 1740103 a composite number?
True
Is 3504706 composite?
True
Is 7785263 a composite number?
True
Is 8452567 composite?
False
Is 9184939 a composite number?
False
Is 175211609 a composite number?
False
Is 3336601 a prime number?
True
Is 159011921 composite?
True
Is 12002467 a prime number?
False
Is 12940363 composite?
False
Is 1310259803 a prime number?
False
Is 207505603 a composite number?
False
Is 2656655 composite?
True
Is 27056542 composite?
True
Is 9029929 a prime number?
True
Is 14447366 a composite number?
True
Is 346663 prime?
False
Is 7584301 a prime number?
False
Is 6362983 a composite number?
True
Is 49744213 a composite number?
False
Is 8110019 a prime number?
False
Is 8293577 a composite number?
False
Is 97526281 composite?
True
Is 1581569 prime?
False
Is 1437773 composite?
False
Is 16442015 composite?
True
Is 23553917 a prime number?
False
Is 6300857 a prime number?
True
Is 492830977 a composite number?
False
Is 48403319 composite?
True
Is 2799733 a composite number?
False
Is 15084317 a prime number?
False
Is 557757791 composite?
False
Is 108942893 a composite number?
False
Is 1102799 prime?
False
Is 574781 a prime number?
False
Is 26523199 composite?
False
Is 2101877 a prime number?
False
Is 96369547 a composite number?
True
Is 23041771 prime?
True
Is 28924529 composite?
False
Is 1185311 a prime number?
False
Is 5590303 a composite number?
False
Is 972169 prime?
False
Is 131184523 a prime number?
False
Is 970223 prime?
False
Is 189277139 prime?
False
Is 117311489 a composite number?
False
Is 24173653 prime?
False
Is 69697451 composite?
True
Is 915521 a prime number?
False
Is 1286557 prime?
True
Is 63785833 composite?
False
Is 4796159 a composite number?
True
Is 1269721 prime?
False
Is 24108443 a prime number?
False
Is 8274493 composite?
False
Is 125391823 prime?
False
Is 3524039 prime?
False
Is 2098562 a composite number?
True
Is 433299361 composite?
True
Is 1700299 composite?
True
Is 1213427 a prime number?
True
Is 1033579 prime?
False
Is 29025109 composite?
True
Is 40765297 a composite number?
False
Is 2215589 prime?
False
Is 373854277 composite?
True
Is 44742023 a composite number?
False
Is 2037437 a composite number?
False
Is 31047229 composite?
True
Is 4557065 composite?
True
Is 1712891 a composite number?
False
Is 5985917 composite?
True
Is 1059141 a composite number?
True
Is 5774281 composite?
True
Is 30208621 prime?
True
Is 435576493 composite?
True
Is 2911873 composite?
True
Is 13647479 a composite number?
False
Is 128108117 composite?
False
Is 491115215 prime?
False
Is 133818047 a composite number?
True
Is 75365209 prime?
True
Is 37788533 composite?
False
Is 25571866 a composite number?
True
Is 22434551 composite?
False
Is 20378411 composite?
True
Is 40087637 a prime number?
True
Is 882526 prime?
False
Is 4448447 composite?
False
Is 14360179 a prime number?
True
Is 3673387 composite?
False
Is 79721627 a prime number?
True
Is 64268267 a composite number?
True
Is 3041009 prime?
False
Is 62446537 prime?
True
Is 5639057 a prime number?
False
Is 26798962 a composite number?
True
Is 56322397 a composite number?
True
Is 54969077 composite?
False
Is 477229273 a composite number?
True
Is 2811041 a prime number?
True
Is 2752667 a prime number?
True
Is 145923627 composite?
True
Is 1080917 a prime number?
False
Is 19127957 a prime number?
False
Is 279834001 composite?
False
Is 11251033 prime?
False
Is 297467151 prime?
False
Is 937433 prime?
False
Is 34180709 a prime number?
True
Is 6686713 composite?
True
Is 492457 prime?
False
Is 27794449 composite?
False
Is 20927743 a prime number?
True
Is 186664771 composite?
False
Is 307929 a composite number?
True
Is 116119997 a prime number?
False
Is 3344113 composite?
False
Is 10978859 a composite number?
False
Is 8120887 a composite number?
False
Is 6295787 composite?
False
Is 1071299 composite?
True
Is 79309 a prime number?
True
Is 79120031 prime?
False
Is 42202463 composite?
False
Is 10257623 prime?
True
Is 635279 a prime number?
True
Is 1412447 a prime number?
True
Is 21980417 composite?
True
Is 478339 composite?
False
Is 3375257 a composite number?
False
Is 864958 a composite number?
True
Is 1340827 a composite number?
False
Is 306501641 composite?
False
Is 148509707 a composite number?
True
Is 16151747 composite?
False
Is 29843897 a composite number?
False
Is 44736149 a prime number?
True
Is 46789565 composite?
True
Is 602783 compo